= q*p(z) + 9*u(z). Calculate v(10).
-17
Let i(a) be the third derivative of 0*a + 0 - 5*a**2 + 1/6*a**3 + 1/24*a**4. Let r be (4/(-10))/(3/15). Give i(r).
-1
Suppose -316*j = -326*j + 500. Let h be (-76)/(-2)*(-3)/2. Let w = j + h. Let m(v) = v**2 + 6*v - 1. What is m(w)?
6
Let f(o) = -3*o + 31*o - 21*o - 5*o + 40 + 11. Calculate f(0).
51
Let r(l) be the first derivative of l**6/120 - l**5/15 - l**4/6 - l**3/3 + l**2/2 - 10*l + 109. Let a(h) be the second derivative of r(h). What is a(5)?
3
Let c(r) = -15970*r + 16020*r - 29 - 202. Determine c(5).
19
Let i(o) = o**2 - 2*o + 1. Let m = -312 - -317. Suppose -3*d - 7 = 2*g, -15 + 1 = m*g + 4*d. Give i(g).
9
Let d(z) = z**3 + 5*z**2 + 8*z + 7. Suppose -5*q + 2*v - 3 = -4*q, -6*v = -5*q - 15. Determine d(q).
1
Let a(k) = -3*k**2 - 65*k + 16. Let t be a(-22). Let m(q) be the second derivative of -q**3/6 - 3*q**2/2 - 14*q. What is m(t)?
3
Let z(h) = 15*h - 96. Let f be z(7). Let o be ((-30)/f - -3)/((-3)/(-45)). Let j(i) = 5 + 4*i**2 - 10*i**2 - i**3 - 4*i - 2 - 2. Determine j(o).
-4
Let b(d) = d - 22. Let p(i) = -1. Let r(j) = b(j) + p(j). Let m(c) = -73 + 201 + c**2 + 44 + 13*c - 46*c. Let z be m(6). Give r(z).
-13
Let z(t) be the first derivative of -26 - 6*t + 1/12*t**4 - 9/2*t**2 + 5/6*t**3. Let q(j) be the first derivative of z(j). What is q(-7)?
5
Let n(j) = -j - 1. Let h be (31/(-1))/(1/2). Suppose -2*l + 5*q - 118 = q, 5*q = -4*l - 223. Let m = l - h. Calculate n(m).
-6
Let x(o) be the third derivative of -o**6/120 + o**5/20 + o**4/6 - o**3 + 2*o**2 - 387*o. Determine x(4).
-6
Let u = -208 - -220. Let v(j) = 3*j + u + 10 + 6 - 32. What is v(-3)?
-13
Let i(v) = -3*v**2 - 26*v - 5. Let z(x) = -3*x + 1. Let m(j) = i(j) - 6*z(j). Let t(s) = s**2 + 4*s + 5. Let q(w) = -2*m(w) - 5*t(w). Determine q(6).
9
Let q(x) = 9*x - 1 - x**2 + 4 - x**2 + 3*x**2. Let a(g) = g**3 - 4*g**2 - 13*g - 8. Let d be a(7). Let l = 40 - d. Determine q(l).
-5
Let u = 41 - 43. Let p(m) = -m**3 - 1 + 8*m - 11*m + 2*m + m**2 + m**2. Give p(u).
17
Let t(j) be the third derivative of j**5/20 + j**4/12 - 82*j**3/3 + 170*j**2. Let d(x) be the first derivative of t(x). Determine d(-1).
-4
Let j(u) = -45*u**3 + 65*u**2 - 36*u - 12. Let k(r) = -r**3 - 4*r**2 + 2*r + 1. Let m(t) = j(t) + 16*k(t). Determine m(1).
-60
Let q(u) = 34*u - 143. Let d(z) = -31*z + 96. Let v(x) = 3*d(x) + 2*q(x). Determine v(3).
-73
Let n(m) = 5*m + 5. Let s(g) = g**3 + g**2 - 80*g - 5. Let k be s(0). Give n(k).
-20
Suppose -3*x = -2*t + 10, 0*t - 4*t + 2*x = -20. Suppose -t*w = w. Suppose -3*p = -5*p + m - 9, m - 5 = w. Let y(j) = -j**3 - 2*j**2 - 2*j + 1. What is y(p)?
5
Let s(q) = -2 - 3 + 4*q + 4*q + 2*q**2 + 12*q + 2*q. Give s(-11).
-5
Let f(s) = -4*s + 0*s + 13 - 6*s - 8 + 4*s - s**2. Suppose -a - 2 = a. Let b(l) = -5*l**2 + 2*l + 1. Let m be b(a). Determine f(m).
5
Let s(q) be the third derivative of 20 + 1/3*q**3 - 1/60*q**5 + 0*q - 1/24*q**4 + 1/24*q**6 + 2*q**2. What is s(1)?
5
Let b(p) be the first derivative of 55*p**2/2 + 328*p + 2570. What is b(-6)?
-2
Let u(n) = n**2 + n. Let o(c) = 5*c**2 - 4*c + 6. Let p(t) = -o(t) + 4*u(t). Let a = -70725 - -70731. Determine p(a).
6
Let k(u) = -5*u**3 + 22*u**2 - 4*u - 107. Let n(m) = 6*m**3 - 27*m**2 + 4*m + 124. Let a(c) = -5*k(c) - 4*n(c). What is a(0)?
39
Let r = 959849 - 959827. Let t(g) be the second derivative of g**5/20 - 23*g**4/12 + 23*g**3/6 - 23*g**2/2 - g. Determine t(r).
-1
Let t(h) = -h**3 + 6*h**2 - 5*h + 5. Let o(c) = 1. Let y(f) = 2*o(f) - t(f). Let n be (-38)/3*((2 - -3) + 4). Let i = -110 - n. Give y(i).
-15
Suppose -2*u - 9*u = -737. Let p = u - 64. Suppose -81 = -p*y - 6*y. Let h(z) = 2*z - 1. Give h(y).
17
Let p = 98 + -101. Let n(o) = 6*o**2 + o + 399*o**3 + 3 + 0 + 399*o**3 - 3*o**2 - 797*o**3. What is n(p)?
0
Suppose -25 = c + 2*f, 26*c - 3*f + 93 = 23*c. Let j(p) = p**3 + 28*p**2 - 28*p + 9. Determine j(c).
-20
Let i(j) be the second derivative of j**5/20 + j**4/4 - 2*j**3/3 - j**2/2 + 33*j. Let m be (-6)/(7/2 - 2). Give i(m).
-1
Let q(y) be the third derivative of -y**4/24 - y**3/3 + 812*y**2. Suppose -5*h - 16 - 4 = 0. Determine q(h).
2
Let l(i) = i**3 + 4*i**2 - 4*i - 7. Let j be (0 - 1)/(1/25). Let a = 20 + j. What is l(a)?
-12
Let v be 4 - -1*(-2 + -1 + 3). Let g(f) = -f**2 + 18 + v*f - 45 + 12 + 16 + 3*f**2. Give g(-3).
7
Let f(x) = -128*x - 1587. Let l(b) = -32*b - 380. Let p(u) = -5*f(u) + 21*l(u). Give p(-6).
147
Let l(f) = -f**2 - 2*f - 4. Let a(x) = -7*x - 98. Let h be a(-19). Suppose -15 = 38*q - h*q. Determine l(q).
-19
Let h(m) = 2*m**2 + 3*m. Let b = -1947 + 1945. Determine h(b).
2
Let w(a) = 36*a. Suppose -15 = 5*q, y - 34 = -0*q - 3*q. Let x = -48 + y. Let m(c) = -198*c. Let b(f) = x*m(f) - 27*w(f). What is b(-1)?
-18
Suppose -4*r + 5*l = -51 - 2, -5*r - 4*l + 15 = 0. Let c(m) = -5*m**3 + 53*m**2 - 6*m**2 + 6 - 40*m**2 + 0 + 4*m**3. Calculate c(r).
6
Let c(z) be the second derivative of z**4/12 + z**3/2 - z**2/2 + 8438*z. Suppose 0*d = 5*a - 2*d + 21, 2*d - 6 = 0. What is c(a)?
-1
Let r be (6/1)/1*1540/231. Let g(t) = -6*t + 244. Calculate g(r).
4
Let a(h) = 248*h + 503. Let n be a(-2). Let q(d) = d**3 - 6*d**2 + 4*d - 14. What is q(n)?
63
Let t be (-15)/(-12)*(64/10 + -4). Let m(w) = -4164*w + 6*w**t - w**3 + 4163*w. Give m(1).
4
Let s be (3/2*-1)/(54/2232). Let l = 58 + s. Let r(x) be the third derivative of x**5/60 + x**4/4 + x**3 - 25*x**2. Give r(l).
-2
Suppose -2*r - 2*m = 4 - 18, 4*m + 7 = r. Let s(z) = 2 + 1 - r*z + 23*z - 2 - 2*z. Suppose u + 3*l = -11, 4*u = u + 2*l + 11. What is s(u)?
15
Let q(h) be the third derivative of h**6/120 - 7*h**5/60 + h**4/24 + 3*h**3/2 + 1791*h**2. Calculate q(7).
16
Suppose -19 = -4*x + o, 1 = 3*x - 3*o - 2. Let p(g) = 36*g + x + 5*g**3 - 36*g - g**2 - 4*g**3. Suppose -5*m = -2*m. Give p(m).
6
Let j(w) be the first derivative of -w**4/4 + 5*w**3 + 33*w**2/2 + 16*w + 5. Give j(17).
-1
Let p(f) = f**3 - 6*f**2 - 8*f + 6. Let s = 71 - 22. Let t be ((s/28)/1)/((-1)/(-12)). Suppose -t = -8*q + 5*q. Determine p(q).
-1
Let n(i) = -i**3 - 15*i**2 - 22*i - 105. Let b(u) = -3*u**2 + 70*u - 37. Let r be b(23). Let y be n(r). Let s(v) = -3*v + 9 + 0*v + v. What is s(y)?
-5
Let n be (-2)/(-16)*(70 + -68) - (-2)/8. Let i(k) be the first derivative of -n*k**2 - 6*k + 31. Determine i(-4).
-2
Suppose 2*n - p = 68, 0 = 4*n + 6*p - p - 164. Let q = 47 - n. Let r = q + -3. Let v(s) = -s**2 + 9*s - 5. Give v(r).
3
Let y(f) = -7*f**3 - 239*f**2 - 9*f - 319. Let v(n) = 3*n**3 + 100*n**2 + 5*n + 159. Let h(b) = 5*v(b) + 2*y(b). Determine h(-22).
3
Let c(r) = -9*r**2 + 66*r - 12. Let y be c(7). Let f(b) = 2*b**2 - 19*b - 2. What is f(y)?
-11
Let k(j) be the third derivative of -j**5/60 + 5*j**4/3 - 29*j**3/2 - 1604*j**2. What is k(38)?
-11
Let d be (-2)/(-3) - 8/12. Suppose d = 3*o + 3*o - 54. Let f(c) be the first derivative of c**4/4 - 3*c**3 + c**2/2 - 12*c - 119. Determine f(o).
-3
Suppose -21*n - 54 = 9. Let k(x) = x**3 + 5*x**2 + 5*x + 3. Let h(f) = 2*f**3 + 10*f**2 + 11*f + 7. Let q(u) = 2*h(u) - 5*k(u). Give q(n).
-10
Let t(x) = x + 16. Let j be (8 - 10)/((-2)/28). Let w be ((-5)/(-2))/(2/j). Suppose z = -4*z - w. Calculate t(z).
9
Let b(q) = 2*q + 5. Let w(k) = -1 - 2 + 9*k - 10*k. Let u(n) = 4*b(n) + 7*w(n). Suppose 0 = -6*r + 4*r. Determine u(r).
-1
Let a(f) be the first derivative of -f**2/2 - 21822. Let n(u) = -u**2. Let o be n(0). Suppose -5*l = -o*l - 20. Determine a(l).
-4
Suppose -c = 4*c + 20. Let h(s) be the third derivative of -s**6/120 - s**5/12 - s**4/8 - s**3/3 + 4*s**2 + 2*s + 5412. Give h(c).
-6
Let d(p) = -p**2 + 20*p + 74. Suppose -8*c = -1407 + 1223. Give d(c).
5
Let o(a) be the first derivative of -a**4/4 + 5*a**3/3 + 7*a**2/2 + 6*a + 5. Let s(p) = -p**3 - 39*p**2 - 68*p + 228. Let z be s(-37). Give o(z).
12
Let n(x) = -x**2 + 7*x - 10. Let h(g) = g**2 - 2*g - 8. Let q(y) = -y**3 + 11*y**2 + 9*y + 41. Let l be q(12). Let w be h(l). Give n(w).
-10
Let r(q) be the third derivative of 3*q**4/8 + 64*q**2 + 2*q + 5. Let d be (-2 - -2 - -3) + -2. Calculate r(d).
9
Let f(i) = -18*i**2 - 1. Let o be ((-138)/184)/((-9)/24). Determine f(o).
-73
Suppose -w + 67*w - 1089 = 33*w. Let k(d) = -4*d**2 + 133*d - 27. Give k(w).
6
Let z(j) = 3*j**2 - 24*j + 8. Suppose 6*v - 26 = -u + 15, -4*u = 2*v + 12. Calculate z(v).
8
Let z(b) 